


{"id":2445,"date":"2008-02-21T17:53:06","date_gmt":"2008-02-21T16:53:06","guid":{"rendered":"http:\/\/www.flurhof.com\/site\/?page_id=5"},"modified":"2024-01-11T08:52:38","modified_gmt":"2024-01-11T07:52:38","slug":"uber-uns","status":"publish","type":"page","link":"https:\/\/flurhof.com\/index.php\/uber-uns\/","title":{"rendered":"\u00dcBER UNS"},"content":{"rendered":"<div class=\"container\" style=\"background: #fff; padding: 12px;\">\n<div class=\"col-lg-6\">\n<h3>Flurhof Gastgeber<\/h3>\n<h4>Passion und Erfahrung<\/h4>\n<p><a href=\"https:\/\/flurhof.com\/wp-content\/uploads\/2024\/01\/Familie_Steurer075.jpg\" data-rel=\"lightbox-gallery-QmmYYRrO\" data-rl_title=\"\" data-rl_caption=\"\" title=\"\"><img loading=\"lazy\" decoding=\"async\" class=\"alignnone wp-image-14214 size-medium\" src=\"https:\/\/flurhof.com\/wp-content\/uploads\/2024\/01\/Familie_Steurer075.jpg\" alt=\"\" width=\"300\" height=\"200\" \/><\/a><\/p>\n<p>&#8222;Das im Jahre 2004 erbaute Reitsportzentrum ist ein Lebenstraum und heute mehr denn je Heimat. Aus einem kleinen privaten Pferdestall ist nach und nach ein \u00fcber die Region hinaus bekanntes Reitsportzentrum entstanden.<\/p>\n<p>Als Turnierreiterin mit internationaler Erfahrung und Auszeichnungen liegt mir sehr viel an der Qualit\u00e4t unserer Dienstleistungen. Wir wollen das Sie und Ihr Liebling sich bei uns wohlf\u00fchlen, f\u00f6dern der Reitnachwuchs und sind stolz auf den famili\u00e4ren Charakter unseres Unternehmens.&#8220;<\/p>\n<p>Carola Steurer-Hautle<\/p>\n<\/div>\n<div class=\"col-lg-6\">\n<h3>Weitere Flurhof-Familien-Mitglieder<\/h3>\n<h4>Pipi<\/h4>\n<p><a href=\"https:\/\/flurhof.com\/wp-content\/uploads\/2024\/01\/f1.jpg\" data-rel=\"lightbox-gallery-QmmYYRrO\" data-rl_title=\"\" data-rl_caption=\"\" title=\"\"><img loading=\"lazy\" decoding=\"async\" src=\"https:\/\/flurhof.com\/wp-content\/uploads\/2024\/01\/f1-1024x683.jpg\" alt=\"\" width=\"640\" height=\"427\" class=\"img-responsive\" \/><\/a><\/p>\n<hr>\n<h4>Bodo ( R.I.P. |\u00a014.12.2023)<\/h4>\n<p><a href=\"\/wp-content\/uploads\/2018\/06\/zz_Hunde076.jpg\" data-rel=\"lightbox-gallery-QmmYYRrO\" data-rl_title=\"\" data-rl_caption=\"\" title=\"\"><img decoding=\"async\" class=\"img-responsive\" src=\"\/wp-content\/uploads\/2018\/06\/zz_Hunde076-1024x683.jpg\" alt=\"\" width=\"100%\" height=\"auto\" \/><\/a><\/p>\n<h4>Sam<\/h4>\n<p><a href=\"https:\/\/flurhof.com\/wp-content\/uploads\/2024\/01\/Familie_Steurer013.jpg\" data-rel=\"lightbox-gallery-QmmYYRrO\" data-rl_title=\"\" data-rl_caption=\"\" title=\"\"><img loading=\"lazy\" decoding=\"async\" src=\"https:\/\/flurhof.com\/wp-content\/uploads\/2024\/01\/Familie_Steurer013-1024x683.jpg\" alt=\"\" width=\"640\" height=\"427\" class=\"img-responsive\" \/><\/a><\/p>\n<p>&nbsp;<\/p>\n<p>&nbsp;<\/p>\n<\/div>\n<div class=\"clearfix\"><\/div>\n<\/div>\n","protected":false},"excerpt":{"rendered":"<p>Flurhof Gastgeber Passion und Erfahrung &#8222;Das im Jahre 2004 erbaute Reitsportzentrum ist ein Lebenstraum und heute mehr denn je Heimat. Aus einem kleinen privaten Pferdestall ist nach und nach ein \u00fcber die Region hinaus bekanntes Reitsportzentrum entstanden. Als Turnierreiterin mit internationaler Erfahrung und Auszeichnungen liegt mir sehr viel an der Qualit\u00e4t unserer Dienstleistungen. Wir wollen [&hellip;]<\/p>\n","protected":false},"author":1,"featured_media":15317,"parent":0,"menu_order":50,"comment_status":"open","ping_status":"open","template":"tmp_bg_txt.php","meta":{"_acf_changed":false,"footnotes":""},"class_list":["post-2445","page","type-page","status-publish","has-post-thumbnail","hentry"],"acf":[],"_links":{"self":[{"href":"https:\/\/flurhof.com\/index.php\/wp-json\/wp\/v2\/pages\/2445","targetHints":{"allow":["GET"]}}],"collection":[{"href":"https:\/\/flurhof.com\/index.php\/wp-json\/wp\/v2\/pages"}],"about":[{"href":"https:\/\/flurhof.com\/index.php\/wp-json\/wp\/v2\/types\/page"}],"author":[{"embeddable":true,"href":"https:\/\/flurhof.com\/index.php\/wp-json\/wp\/v2\/users\/1"}],"replies":[{"embeddable":true,"href":"https:\/\/flurhof.com\/index.php\/wp-json\/wp\/v2\/comments?post=2445"}],"version-history":[{"count":46,"href":"https:\/\/flurhof.com\/index.php\/wp-json\/wp\/v2\/pages\/2445\/revisions"}],"predecessor-version":[{"id":15340,"href":"https:\/\/flurhof.com\/index.php\/wp-json\/wp\/v2\/pages\/2445\/revisions\/15340"}],"wp:featuredmedia":[{"embeddable":true,"href":"https:\/\/flurhof.com\/index.php\/wp-json\/wp\/v2\/media\/15317"}],"wp:attachment":[{"href":"https:\/\/flurhof.com\/index.php\/wp-json\/wp\/v2\/media?parent=2445"}],"curies":[{"name":"wp","href":"https:\/\/api.w.org\/{rel}","templated":true}]}}